factor of 495?
True
Is 51 a factor of 2016?
False
Is 13 a factor of 8541?
True
Does 9 divide 11254?
False
Does 13 divide 731?
False
Is 9 a factor of 9?
True
Does 7 divide 132?
False
Is 3188 a multiple of 19?
False
Does 20 divide 260?
True
Is 89 a factor of 20559?
True
Is 20 a factor of 660?
True
Is 5 a factor of 44?
False
Is 320 a multiple of 8?
True
Is 17 even?
False
Is 255 a factor of 7349?
False
Is 498 a multiple of 4?
False
Is 442 a multiple of 2?
True
Is 11013 a multiple of 314?
False
Does 106 divide 987?
False
Does 10 divide 80000?
True
Does 72 divide 1701?
False
Does 36 divide 2448?
True
Is 5 a factor of 637?
False
Is 41 a factor of 838?
False
Is 10 a factor of 13870?
True
Is 418 a factor of 2464?
False
Is 1581 a multiple of 31?
True
Does 30 divide 3433?
False
Does 14 divide 489?
False
Is 51 a factor of 12852?
True
Is 4501 a multiple of 12?
False
Does 95 divide 12635?
True
Does 12 divide 3480?
True
Is 2885 a multiple of 5?
True
Does 32 divide 150?
False
Is 58494 a multiple of 26?
False
Is 90 a factor of 2430?
True
Is 83 a factor of 43811?
False
Is 704 a multiple of 16?
True
Does 3 divide 679?
False
Is 488 a multiple of 17?
False
Does 44 divide 10560?
True
Is 147 a multiple of 17?
False
Does 32 divide 1504?
True
Is 1212 a multiple of 21?
False
Is 35 a factor of 12705?
True
Is 6373 a multiple of 44?
False
Does 21 divide 2667?
True
Is 5 a factor of 3119?
False
Is 15 a factor of 869?
False
Is 4728 a multiple of 17?
False
Does 46 divide 1966?
False
Is 97720 a multiple of 28?
True
Is 6 a factor of 6792?
True
Does 8 divide 4864?
True
Does 179 divide 53342?
True
Is 288 a multiple of 16?
True
Is 1677 a multiple of 3?
True
Is 146 a multiple of 27?
False
Does 53 divide 30263?
True
Is 40 a factor of 8520?
True
Does 16 divide 160?
True
Does 8 divide 3406?
False
Is 56147 a multiple of 26?
False
Is 5 a factor of 3615?
True
Is 34358 a multiple of 65?
False
Is 1865 a multiple of 13?
False
Does 14 divide 1069?
False
Is 1420 a multiple of 5?
True
Is 20718 a multiple of 102?
False
Is 31063 a multiple of 77?
False
Is 41 a factor of 1640?
True
Is 57 a factor of 392?
False
Does 54 divide 2808?
True
Is 168 a factor of 73264?
False
Does 13 divide 1427?
False
Does 19 divide 362?
False
Is 91 a factor of 1728?
False
Is 1319 a multiple of 2?
False
Is 10420 a multiple of 2?
True
Is 39 a factor of 45?
False
Does 19 divide 3724?
True
Is 19 a factor of 2006?
False
Does 72 divide 20833?
False
Is 265 a multiple of 6?
False
Is 184 even?
True
Is 229 a multiple of 4?
False
Is 38 a multiple of 17?
False
Is 3671 a multiple of 48?
False
Does 15 divide 23745?
True
Is 15 a factor of 420?
True
Is 10 a factor of 4960?
True
Does 20 divide 38440?
True
Is 514 a multiple of 106?
False
Is 7 a factor of 441?
True
Does 5 divide 17128?
False
Does 46 divide 1158?
False
Is 21 a factor of 3066?
True
Is 10 a factor of 21080?
True
Is 62803 a multiple of 19?
False
Is 20832 a multiple of 32?
True
Is 10 a factor of 13947?
False
Is 88 a factor of 1772?
False
Is 92 a factor of 2300?
True
Does 24 divide 2022?
False
Is 22 a factor of 293?
False
Is 6 a factor of 474?
True
Is 1167 a multiple of 9?
False
Does 21 divide 483?
True
Does 12 divide 769?
False
Does 102 divide 31824?
True
Is 19 a factor of 9335?
False
Is 969 a multiple of 67?
False
Does 2 divide 1483?
False
Does 10 divide 1360?
True
Is 17664 a multiple of 24?
True
Is 471 a multiple of 15?
False
Is 50 a factor of 4283?
False
Does 32 divide 30336?
True
Is 68 a factor of 272?
True
Does 35 divide 4368?
False
Is 62 a factor of 496?
True
Is 9 a factor of 8764?
False
Is 31022 a multiple of 12?
False
Is 69 a factor of 3439?
False
Is 23 a factor of 35642?
False
Is 8904 a multiple of 4?
True
Does 59 divide 2714?
True
Does 14 divide 462?
True
Is 15 a factor of 15715?
False
Is 512 a multiple of 8?
True
Does 27 divide 3483?
True
Is 13616 a multiple of 131?
False
Is 3740 a multiple of 34?
True
Does 3 divide 360?
True
Does 15 divide 609?
False
Is 1944 a multiple of 18?
True
Is 64 a multiple of 2?
True
Is 60 a factor of 3018?
False
Is 330 a multiple of 22?
True
Is 8875 a multiple of 125?
True
Is 1025 a multiple of 25?
True
Does 125 divide 78537?
False
Is 2 a factor of 1353?
False
Does 26 divide 347?
False
Is 330 a multiple of 15?
True
Does 18 divide 313?
False
Does 3 divide 507?
True
Does 8 divide 120?
True
Is 3007 a multiple of 31?
True
Does 216 divide 52272?
True
Is 35 a factor of 1155?
True
Is 43 a factor of 2021?
True
Is 1750 a multiple of 18?
False
Is 15 a factor of 5212?
False
Is 68 a factor of 2046?
False
Does 11 divide 6204?
True
Does 8 divide 488?
True
Is 1192 a multiple of 13?
False
Does 13 divide 403?
True
Does 35 divide 245?
True
Does 93 divide 959?
False
Does 57 divide 114?
True
Is 65 a factor of 415?
False
Does 5 divide 245?
True
Does 14 divide 1022?
True
Is 19 a factor of 2793?
True
Does 53 divide 1272?
True
Does 3 divide 9?
True
Is 53 a factor of 1060?
True
Is 51 a factor of 3468?
True
Is 1095 a multiple of 17?
False
Does 17 divide 4420?
True
Is 31 a factor of 341?
True
Is 2 a factor of 37?
False
Is 198 a factor of 8118?
True
Does 58 divide 1450?
True
Is 11 a factor of 13424?
False
Does 5 divide 205?
True
Is 25 a factor of 1184?
False
Is 737 a multiple of 9?
False
Does 16 divide 12466?
False
Is 12 a factor of 13235?
False
Does 63 divide 6993?
True
Is 12 a factor of 7354?
False
Does 11 divide 106?
False
Does 17 divide 102?
True
Does 12 divide 465?
False
Is 21 a factor of 6636?
True
Is 27099 a multiple of 9?
True
Is 87 a factor of 4820?
False
Does 64 divide 58423?
False
Is 103 a factor of 325?
False
Is 163 a multiple of 73?
False
Does 90 divide 7605?
False
Does 12 divide 38?
False
Does 26 divide 21914?
False
Is 15 a multiple of 3?
True
Is 528 even?
True
Is 17 a factor of 221?
True
Is 14971 a multiple of 18?
False
Is 36 a multiple of 18?
True
Is 58 a factor of 116?
True
Is 11465 a multiple of 13?
False
Is 8498 a multiple of 18?
False
Is 6 a factor of 4938?
True
Does 20 divide 1760?
True
Is 12 a factor of 2220?
True
Is 7 a factor of 174?
False
Is 11 a factor of 9950?
False
Is 3016 a multiple of 116?
True
Is 56881 a multiple of 11?
True
Is 260 a multiple of 7?
False
Is 19 a factor of 8398?
True
Is 5538 a multiple of 61?
False
Is 14686 a multiple of 7?
True
Is 32 a factor of 6628?
False
Does 21 divide 7307?
False
Is 152 a multiple of 38?
True
Is 6 a factor of 329?
False
Is 117 a multiple of 3?
True
Is 406 a multiple of 61?
False
Is 2014 a multiple of 6?
False
Does 8 divide 57?
False
Is 2403 a multiple of 3?
True
Is 3439 a multiple of 19?
True
Is 1134 a multiple of 30?
False
Is 50140 a multiple of 92?
True
Is 23 a factor of 2737?
True
Is 114 a factor of 11441?
False
Is 64396 a multiple of 17?
True
Is 9 a factor of 1669?
False
Does 14 divide 387?
False
Is 894 a multiple of 3?
True
Is 330 a multiple of 4?
False
Does 9 divide 124686?
True
Is 20 a factor of 3000?
True
Does 31 divide 24605?
False
Is 524 a multiple of 15?
False
Is 90 a factor of 7920?
True
Does 22 divide 23210?
True
Does 25 divide 825?
True
Is 5 a factor of 52?
False
Is 32 a factor of 57?
False
Is 25 a factor of 13350?
True
Is 20 a factor of 10300?
True
Does 295 divide 64605?
True
Does 38 divide 10146?
True
Is 6684 a multiple of 41?
False
Is 37 a factor of 17695?
False
Is 4 a factor of 21?
False
Does 65 divide 8775?
True
Is 17952 a multiple of 96?
True
Does 27 divide 945?
True
Is 3182 a multiple of 19?
False
Is 251 a multiple of 13?
False
Is 1568 a multiple of 49?
True
Is 712 a multiple of 8?
True
Is 143 a factor of 5613?
False
Is 26 a factor of 964?
False
Is 59 a multiple of 9?
False
Is 32 a factor of 320?
True
Is 23 a factor of 18860?
True
Is 389 a multiple of 17?
False
Is 1804 a multiple of 45?
False
Is 19 a factor of 49733?
False
Is 18 a factor of 6276?
False
Does 27 divide 15988?
False
Is 208 a multiple of 10?
False
Does 31 divide 31?
True
Is 151 a factor of 43815?
False
Is 12 a factor of 35?
False
Is 1740 a multiple of 10?
True
Is 57 a factor of 30210?
True
Is 115216 a multiple of 43?
False
Is 576 a multiple of 5?
False
Does 8 divide 863?
False
Is 28 a factor of 895?
False
Does 25 divide 26959?
False
Is 29 a factor of 1247?
True
Does 40 divide 33200?
True
Is 303 a multiple of 101?
True
Is 21 a factor of 2079?
True
Is 8712 a multiple of 44?
True
Is 279 a multiple of 7?
False
Does